j) = j**3 - j**2 + j + 21. Suppose x + 25 = 5*v, 3*x - 11 = 4*v - 31. Give s(x).
21
Let x(j) = -j**3 - 6*j**2 - 2. Let d = -11 + 11. Suppose d*l + 6 = -l. Give x(l).
-2
Let h(c) be the second derivative of -c**5/20 - c**4/2 + c**3 - 5*c**2/2 - 5*c. Let s be h(-7). Let p(i) = -36 + 36 + i**2 - 2*i**s + i. What is p(4)?
-12
Let m(x) = -x**3 + 18*x**2 - 7*x + 9. Let v(n) = -2*n**3 + 35*n**2 - 13*n + 19. Let w(c) = -11*m(c) + 6*v(c). Suppose 0 = 395*h - 381*h - 168. Calculate w(h).
3
Let t(a) be the second derivative of a**3/6 - 3*a**2/2 - 12*a. Let v(i) = 4*i - 12. Let y(f) = 18*t(f) - 4*v(f). Calculate y(4).
2
Let a(d) = -9*d + 7. Let p = -116 - -121. Determine a(p).
-38
Let k(c) = -9 + 27 + 2*c - c - 5*c. What is k(5)?
-2
Let t(d) = d**2 + 14*d + 8. Suppose -7*l = -123 + 193. What is t(l)?
-32
Let f(w) be the second derivative of -w**4/4 - 2*w**3/3 - 3*w**2/2 - 2*w. Suppose 7*i = 5*r + 3*i + 18, 5*r = 3*i - 16. Give f(r).
-7
Let a = 28 + -26. Let c(l) = -2*l**a - 28*l + 1 + l**2 + 24*l. Let y be (-1 - 0) + 1 - 3. Give c(y).
4
Let b(o) = -2 + 5*o**2 + o + 5 - 4*o**2. Let l(t) = 2*t + 2. Let j(i) = i + 1. Let g(q) = 3*j(q) - l(q). Let y(n) = -b(n) + 2*g(n). What is y(0)?
-1
Let s(y) be the second derivative of -y**4/12 - 3*y**3/2 - 3*y. Let l = 460 + -468. Determine s(l).
8
Let c be 1*14*(0 - 3/(-6)). Let x(q) = c + 3 - 5 + 2*q. Suppose 5*h + 30 = -4*z - 0*z, -3*z = -4*h - 24. What is x(h)?
-7
Let k(o) be the first derivative of o**4/4 + 2*o**3 - 4*o**2 - 3*o - 122. Let x(q) = q**2 + 7*q - 1. Let n be x(-6). Give k(n).
4
Let p(o) be the first derivative of o - 1/2*o**2 + 10. What is p(-4)?
5
Let z = -39 + 41. Let j(h) = -2*h**2 + 3*h - 3. Let o(g) = 4*g**2 - g**2 - 4*g**2. Let r(i) = -j(i) + 3*o(i). Give r(z).
-7
Let v(d) be the first derivative of -9 - 6*d + 0*d**2 + 6*d**2 - 5*d**2. Determine v(-6).
-18
Let p(h) = -20*h**2 + 10*h + 10. Let c(l) = 14*l**2 - 7*l - 7. Let s(t) = -7*c(t) - 5*p(t). Calculate s(3).
14
Let q(i) = 2*i - 3. Let v be 8/(-52) - (-82)/26. Let f be q(v). Let x(g) = -7*g**3 + 0*g**3 - g + 5*g**2 + 8*g**f. Give x(-5).
5
Let o be (-1 - 2/(-3))/((-13)/156). Let c(t) = -t**2 - t + 1. Calculate c(o).
-19
Let y(q) be the third derivative of q**5/60 - 7*q**4/24 + 2*q**3/3 - q**2. Suppose 4*n + 1185 = f + 1174, -n = 2*f - 13. Give y(f).
4
Let m(o) be the first derivative of -o**3/3 + 3*o**2 + 12*o - 591. What is m(9)?
-15
Let i = 13 + -10. Let l(f) = i + 12*f**2 - f - f - 13*f**2 + 3*f. Give l(3).
-3
Let m(j) = -j**3 + j. Let x(n) = 4*n**3 + 6*n**2 + n - 3. Let k(r) = 3*m(r) + x(r). Let s(o) = -o - 12. Suppose 14 = 5*f + 49. Let b be s(f). Calculate k(b).
2
Let d(k) = -k + 5 - 8 - 12 + 3. Let y = -91 + 86. Calculate d(y).
-7
Suppose -q + 2*l = l - 11, l - 29 = -3*q. Suppose 11*n = q*n - 12. Let s(z) = -z**3 - 12*z**2 + 4. Give s(n).
4
Let q(b) = 3*b + 1. Let u be q(-6). Let w = u - -30. Let s = 11 - w. Let h(a) = a**3 + 3*a**2 + a - 1. Give h(s).
1
Let y be (-38)/(-10) + (-2)/(-10). Let u(t) be the second derivative of 5/2*t**2 + 1/3*t**3 - 1/12*t**4 - 5*t + 0. Give u(y).
-3
Let w(k) = k**3 + 3*k**2 - k. Let n be -10*(-3)/((-45)/(-6)). Suppose -5*i + n*c = 19, -i - 5*c - 1 = i. Determine w(i).
3
Let n(t) = -2*t + 5. Suppose 0 = -3*m - 40 - 68. Let h be (-12)/m + 40/6. Suppose h*b = 2*b + 20. Give n(b).
-3
Suppose o + 3*p = -7, 7 = -p + 5. Let w(j) = -4*j**3 + 2*j**2 - j - 2. Give w(o).
5
Let q(x) be the second derivative of x**3/6 + 7*x**2/2 + 748*x. Determine q(7).
14
Suppose -z + 6*z + 210 = 0. Let m = -25 - z. Let c = m + -16. Let w(b) = 2*b - 1. Determine w(c).
1
Let l(k) = k**3 + 18*k**2 - k - 28. Let r be l(-18). Let m(t) = t**2 + 11*t + 3. Calculate m(r).
-7
Suppose 4*b + 4 = 8. Let n(x) = -13 + 6 + 2 - x + b. What is n(-4)?
0
Let j = 103 - 101. Let c(r) be the second derivative of -r**6/240 + r**5/60 - r**4/12 - 3*r. Let q(x) be the third derivative of c(x). Determine q(j).
-4
Let w(b) = b**2 + 14 + 26*b + 23*b + 4 - 78*b + 15*b. Suppose 13 = 4*y - 35. Determine w(y).
-6
Let r(h) be the second derivative of 2/3*h**3 + 18*h + 1/20*h**5 + 0 - 5/12*h**4 - h**2. Calculate r(3).
-8
Let u(n) be the third derivative of n**3 + 0 + 5/24*n**4 - 16*n**2 + 0*n. What is u(-5)?
-19
Let f(a) = a**3 - 11*a**2 + 8*a + 13. Let s be f(10). Let v = -6 - s. Let o be (1 - -2) + (-8)/v. Let u(h) = 3*h + 6. Calculate u(o).
-9
Let x(h) = 10*h. Let p(d) = 11*d - 2. Let k(y) = -5*p(y) + 6*x(y). What is k(-7)?
-25
Let y(f) be the first derivative of -9*f**2/2 - 5*f - 12. Let o be y(-4). Let t = 25 - o. Let k(z) = -2*z - 4. Determine k(t).
8
Let a(q) = 7*q - 13. Let p(l) = 3*l - 6. Let d(o) = -2*a(o) + 5*p(o). Let n be (3/(-2))/((-18)/24). Let i be (-5)/(-2)*4/n. What is d(i)?
1
Let y = 290 - 294. Let d(v) = -v**2 + 2*v + 3. Give d(y).
-21
Let d(h) = -10*h + 1. Let o be 15/10*-4 + 10. What is d(o)?
-39
Suppose 84*z = 86*z. Let h(d) = -d**3 - d**2 + d + 26. Calculate h(z).
26
Let q(m) = m**2 - 7*m + 1. Let t(a) = 5*a**2 - 25*a + 15. Let h(l) = -3*q(l) + t(l). Calculate h(5).
42
Suppose 0 = -4*u - 0*u. Let d be u + 0 + 2/1. Suppose -2*k = -d, 4*w + 5*k - 5 = -0*k. Let i(n) = n + 1. Give i(w).
1
Let q(w) be the first derivative of w**4/24 - 2*w**3 + 11*w**2 - 2. Let l(r) be the second derivative of q(r). Determine l(11).
-1
Let s(a) = -5*a**2 - 6 + 4*a**2 + 4*a**2 + 16*a - 2*a**2 - 21. Calculate s(-17).
-10
Let z(h) = -5*h**2 + 18 + 5 - 24 - 3*h**3 + 4*h**3 + 4*h. Determine z(3).
-7
Let o(b) = -b - 1. Suppose 0 = 5*q - 5*z - 20, q - 6*q = 3*z - 20. Let i be 2*(-1 + 6/q). Let v be (-2 - i)*3/3. Calculate o(v).
2
Let i(s) be the third derivative of -2*s**5/15 + 17*s**2. Let h(v) = -v + 3. Let x(g) = g**2. Let m be x(2). Let b be h(m). What is i(b)?
-8
Let s(b) be the first derivative of -43 + 5*b - 1/3*b**3 + b**2. Calculate s(4).
-3
Let h(z) be the first derivative of -z**4/4 - 5*z**3 + 17*z**2/2 + 19*z - 289. Calculate h(-16).
3
Suppose u - 6*z = -z - 14, -2 = 4*u - 2*z. Let v(j) = -j. Let k(p) = 5*p + 2. Let d(y) = u*k(y) + 4*v(y). What is d(-10)?
-8
Let k be 1 - (-2 + -2 - -5). Suppose k*h = -h + 5. Let s(x) = -5*x**2 - 2*x**3 - 2 - 2*x**3 + x + 5*x**3. Calculate s(h).
3
Let h be 39/9 + 4/6. Suppose -2*n = -2*y - 2, 1 - 17 = -4*n. Let g(j) = -h*j + 5*j**3 + 4*j**2 + 5*j + 4 - 2*j - 4*j**y. Give g(-5).
-11
Let q(y) = 6 - 3*y + 3 - 2 + 0. Suppose -52 = -8*k - 12. Calculate q(k).
-8
Let a(v) be the third derivative of -v**6/120 - v**5/5 - 11*v**4/24 - 2*v**3 + 2*v**2 - 20*v. Determine a(-11).
-12
Let f(h) = 5*h**3 - h**2 + h - 1. Suppose 2*m = -6, p = 3*m - 0 - 9. Let l = 38 + p. Let d = 21 - l. Determine f(d).
4
Let h(c) be the first derivative of -c**6/360 + c**5/40 - c**4/8 - c**3/3 - 9. Let g(n) be the third derivative of h(n). Determine g(2).
-1
Let m(n) = -4*n**2 + 7*n + 5. Let p(l) be the third derivative of -l**5/60 + l**3/6 - 18*l**2. Let z(q) = -m(q) + 3*p(q). What is z(7)?
-2
Let p(w) = w**3 - 3*w**2 - 4*w - 7. Suppose -4*b + 0*b - 11 = -k, 4*b + 2*k = -2. Let q be 6/(2 + 0) - b. Determine p(q).
23
Let v be ((-2)/2)/((-2)/12). Let d(y) = -y + 0*y - 6*y + v*y. Suppose 0*j - 5*s + 22 = j, 5*j + 2*s = 18. Determine d(j).
-2
Suppose -5*a + 2*o - 3*o - 50 = 0, 4*a + o = -40. Let i(l) = 5*l + 13. Calculate i(a).
-37
Suppose -5*h + 2 = 17. Let v be 44/52 - (3 + (-205)/65). Let i(r) = r. Let l(w) = 4*w + 8. Let a(n) = h*i(n) + v*l(n). What is a(-6)?
2
Let g(b) = -2*b**2 - 2*b + 3. Let n(s) be the third derivative of -13*s**5/60 - s**4/24 + s**3/6 - 3*s**2. Let p be n(1). Let w = -16 - p. What is g(w)?
-9
Let g = 287/6 + -142/3. Let h(q) be the second derivative of q**3 - g*q**2 - 2*q + 0. Calculate h(1).
5
Let x(t) = 2*t + 6. Let h = 718 - 718. Give x(h).
6
Let l(x) = 24*x - 62*x + 16*x + 16*x + 2. Give l(2).
-10
Let k(r) = 0*r**3 - 8*r**2 - 8*r**2 - 3*r**3 - 13*r**3 + 17*r**2 + 5*r**3. Let t = -2 + 3. Determine k(t).
-10
Let g(a) = -7*a**3 + 6*a**2 + 4*a - 7. Let c(r) = 4*r + 2 - 8 + 4*r**2 + 2*r**2 - 6*r**3. Let k(d) = -6*c(d) + 5*g(d). Determine k(6).
-23
Let n(a) = a**3 - 6*a**2 + 5*a + 4. Let x(p) = -5*p + 29. Let s be x(5). Determine n(s).
-8
Suppose -c + 4 = -16. Suppose 3*k - 2*x - 3*x - 30 = 0, 2*k - 5*x - c = 0. Let t = k + -11. Let u(r) = 7*r - 1. Determine u(t).
-8
Let f = -22 + 26. Suppose -3*l = -f*n + 30, -4*n - 3*l = -14 - 4. Let b(y